{"id":2607,"date":"2025-06-24T00:23:13","date_gmt":"2025-06-24T00:23:13","guid":{"rendered":"https:\/\/elmasspirit.ma\/?page_id=2607"},"modified":"2025-06-24T00:38:54","modified_gmt":"2025-06-24T00:38:54","slug":"faq","status":"publish","type":"page","link":"https:\/\/enastyle.ma\/?page_id=2607","title":{"rendered":"FAQ"},"content":{"rendered":"\t\t<div data-elementor-type=\"wp-page\" data-elementor-id=\"2607\" class=\"elementor elementor-2607\">\n\t\t\t\t<div class=\"elementor-element elementor-element-e7d96d9 e-flex e-con-boxed e-con e-parent\" data-id=\"e7d96d9\" data-element_type=\"container\" data-e-type=\"container\" data-settings=\"{&quot;background_background&quot;:&quot;classic&quot;,&quot;shape_divider_bottom&quot;:&quot;arrow&quot;}\">\n\t\t\t\t\t<div class=\"e-con-inner\">\n\t\t\t\t<div class=\"elementor-shape elementor-shape-bottom\" aria-hidden=\"true\" data-negative=\"false\">\n\t\t\t<svg xmlns=\"http:\/\/www.w3.org\/2000\/svg\" viewBox=\"0 0 700 10\" preserveAspectRatio=\"none\">\n\t<path class=\"elementor-shape-fill\" d=\"M350,10L340,0h20L350,10z\"\/>\n<\/svg>\t\t<\/div>\n\t\t\t\t<div class=\"elementor-element elementor-element-b1d28eb elementor-widget elementor-widget-spacer\" data-id=\"b1d28eb\" data-element_type=\"widget\" data-e-type=\"widget\" data-widget_type=\"spacer.default\">\n\t\t\t\t<div class=\"elementor-widget-container\">\n\t\t\t\t\t\t\t<div class=\"elementor-spacer\">\n\t\t\t<div class=\"elementor-spacer-inner\"><\/div>\n\t\t<\/div>\n\t\t\t\t\t\t<\/div>\n\t\t\t\t<\/div>\n\t\t\t\t<div class=\"elementor-element elementor-element-a335c55 elementor-widget elementor-widget-heading\" data-id=\"a335c55\" data-element_type=\"widget\" data-e-type=\"widget\" data-widget_type=\"heading.default\">\n\t\t\t\t<div class=\"elementor-widget-container\">\n\t\t\t\t\t<h2 class=\"elementor-heading-title elementor-size-default\">Foire Aux Questions \u2013 ElmasSpirit<\/h2>\t\t\t\t<\/div>\n\t\t\t\t<\/div>\n\t\t\t\t\t<\/div>\n\t\t\t\t<\/div>\n\t\t<div class=\"elementor-element elementor-element-c11bec2 e-flex e-con-boxed e-con e-parent\" data-id=\"c11bec2\" data-element_type=\"container\" data-e-type=\"container\">\n\t\t\t\t\t<div class=\"e-con-inner\">\n\t\t\t\t<div class=\"elementor-element elementor-element-95bce06 elementor-widget elementor-widget-text-editor\" data-id=\"95bce06\" data-element_type=\"widget\" data-e-type=\"widget\" data-widget_type=\"text-editor.default\">\n\t\t\t\t<div class=\"elementor-widget-container\">\n\t\t\t\t\t\t\t\t\t<h2 data-start=\"170\" data-end=\"206\">\u00a0<\/h2><h4 data-start=\"208\" data-end=\"261\">1. <strong data-start=\"218\" data-end=\"259\">Quels types de bijoux proposez-vous ?<\/strong><\/h4><p data-start=\"262\" data-end=\"482\">Nous proposons des bijoux en acier inoxydable, connus pour leur durabilit\u00e9, leur r\u00e9sistance \u00e0 l\u2019eau et leur aspect luxueux. Bracelets, colliers, bagues et boucles d\u2019oreilles \u2013 tous s\u00e9lectionn\u00e9s avec soin.<\/p><p data-start=\"262\" data-end=\"482\">\u00a0<\/p><hr data-start=\"484\" data-end=\"487\" \/><h4 data-start=\"489\" data-end=\"539\">\u00a0<\/h4><h4 data-start=\"489\" data-end=\"539\">2. <strong data-start=\"499\" data-end=\"537\">Vos bijoux r\u00e9sistent-ils \u00e0 l\u2019eau ?<\/strong><\/h4><p data-start=\"540\" data-end=\"699\">Oui. Tous nos bijoux sont r\u00e9sistants \u00e0 l\u2019eau, \u00e0 la transpiration et \u00e0 la d\u00e9coloration. Vous pouvez les porter au quotidien sans craindre qu\u2019ils ternissent.<\/p><p data-start=\"540\" data-end=\"699\">\u00a0<\/p><hr data-start=\"701\" data-end=\"704\" \/><h4 data-start=\"706\" data-end=\"753\">\u00a0<\/h4><h4 data-start=\"706\" data-end=\"753\">3. <strong data-start=\"716\" data-end=\"751\">Comment entretenir mes bijoux ?<\/strong><\/h4><p data-start=\"754\" data-end=\"879\">Un simple chiffon doux suffit pour raviver leur \u00e9clat. \u00c9vitez les produits chimiques agressifs pour prolonger leur brillance.<\/p><p data-start=\"754\" data-end=\"879\">\u00a0<\/p><hr data-start=\"881\" data-end=\"884\" \/><h4 data-start=\"886\" data-end=\"938\">\u00a0<\/h4><h4 data-start=\"886\" data-end=\"938\">4. <strong data-start=\"896\" data-end=\"936\">Quels sont les d\u00e9lais de livraison ?<\/strong><\/h4><ul data-start=\"939\" data-end=\"1055\"><li data-start=\"939\" data-end=\"1004\"><p data-start=\"941\" data-end=\"1004\"><strong data-start=\"941\" data-end=\"973\">C<\/strong>asablanca &amp; r\u00e9gions proches : livraison le jour m\u00eame<\/p><\/li><li data-start=\"1005\" data-end=\"1055\"><p data-start=\"1007\" data-end=\"1055\">Reste du Maroc : sous 24 \u00e0 48h ouvrables<\/p><\/li><\/ul><p>\u00a0<\/p><hr data-start=\"1057\" data-end=\"1060\" \/><h4 data-start=\"1062\" data-end=\"1113\">\u00a0<\/h4><h4 data-start=\"1062\" data-end=\"1113\">5. <strong data-start=\"1072\" data-end=\"1111\">Quels sont les moyens de paiement ?<\/strong><\/h4><p data-start=\"1114\" data-end=\"1207\">Nous proposons un paiement \u00e0 la livraison en esp\u00e8ces \u2014 pratique, s\u00e9curis\u00e9 et sans stress.<\/p><p>\u00a0<\/p><hr data-start=\"1209\" data-end=\"1212\" \/><h4 data-start=\"1214\" data-end=\"1272\">\u00a0<\/h4><h4 data-start=\"1214\" data-end=\"1272\">6. <strong data-start=\"1224\" data-end=\"1270\">Vos bijoux sont-ils emball\u00e9s pour offrir ?<\/strong><\/h4><p data-start=\"1273\" data-end=\"1381\">Oui ! Chaque commande est soigneusement pr\u00e9sent\u00e9e dans un \u00e9crin \u00e9l\u00e9gant ElmasSpirit, pr\u00eat \u00e0 \u00eatre offert.<\/p><p data-start=\"1273\" data-end=\"1381\">\u00a0<\/p><hr data-start=\"1383\" data-end=\"1386\" \/><p>\u00a0<\/p><h4 data-start=\"1388\" data-end=\"1444\">7. <strong data-start=\"1398\" data-end=\"1442\">Puis-je \u00e9changer ou retourner un bijou ?<\/strong><\/h4><p data-start=\"1445\" data-end=\"1582\">Oui, sous 3 jours apr\u00e8s r\u00e9ception, si le bijou n\u2019a pas \u00e9t\u00e9 port\u00e9. Contactez-nous via WhatsApp ou Instagram pour entamer la proc\u00e9dure.<\/p><p data-start=\"1445\" data-end=\"1582\">\u00a0<\/p><hr data-start=\"1584\" data-end=\"1587\" \/><h4 data-start=\"1589\" data-end=\"1637\">\u00a0<\/h4><h4 data-start=\"1589\" data-end=\"1637\">8. <strong data-start=\"1599\" data-end=\"1635\">Comment puis-je vous contacter ?<\/strong><\/h4><p data-start=\"1638\" data-end=\"1751\">Par message priv\u00e9 sur <strong data-start=\"1660\" data-end=\"1673\">Instagram<\/strong>, via notre site, ou directement par <strong data-start=\"1710\" data-end=\"1722\">WhatsApp<\/strong>. Nous r\u00e9pondons rapidement !<\/p>\t\t\t\t\t\t\t\t<\/div>\n\t\t\t\t<\/div>\n\t\t\t\t\t<\/div>\n\t\t\t\t<\/div>\n\t\t\t\t<\/div>\n\t\t","protected":false},"excerpt":{"rendered":"<p>Foire Aux Questions \u2013 ElmasSpirit \u00a0 1. Quels types de bijoux proposez-vous ? Nous proposons des bijoux en acier inoxydable, [&hellip;]<\/p>\n","protected":false},"author":1,"featured_media":0,"parent":0,"menu_order":0,"comment_status":"closed","ping_status":"closed","template":"","meta":{"site-sidebar-layout":"no-sidebar","site-content-layout":"","ast-site-content-layout":"full-width-container","site-content-style":"default","site-sidebar-style":"default","ast-global-header-display":"","ast-banner-title-visibility":"","ast-main-header-display":"","ast-hfb-above-header-display":"","ast-hfb-below-header-display":"","ast-hfb-mobile-header-display":"","site-post-title":"disabled","ast-breadcrumbs-content":"","ast-featured-img":"disabled","footer-sml-layout":"","theme-transparent-header-meta":"","adv-header-id-meta":"","stick-header-meta":"","header-above-stick-meta":"","header-main-stick-meta":"","header-below-stick-meta":"","astra-migrate-meta-layouts":"default","ast-page-background-enabled":"default","ast-page-background-meta":{"desktop":{"background-color":"var(--ast-global-color-5)","background-image":"","background-repeat":"repeat","background-position":"center center","background-size":"auto","background-attachment":"scroll","background-type":"","background-media":"","overlay-type":"","overlay-color":"","overlay-opacity":"","overlay-gradient":""},"tablet":{"background-color":"","background-image":"","background-repeat":"repeat","background-position":"center center","background-size":"auto","background-attachment":"scroll","background-type":"","background-media":"","overlay-type":"","overlay-color":"","overlay-opacity":"","overlay-gradient":""},"mobile":{"background-color":"","background-image":"","background-repeat":"repeat","background-position":"center center","background-size":"auto","background-attachment":"scroll","background-type":"","background-media":"","overlay-type":"","overlay-color":"","overlay-opacity":"","overlay-gradient":""}},"ast-content-background-meta":{"desktop":{"background-color":"var(--ast-global-color-4)","background-image":"","background-repeat":"repeat","background-position":"center center","background-size":"auto","background-attachment":"scroll","background-type":"","background-media":"","overlay-type":"","overlay-color":"","overlay-opacity":"","overlay-gradient":""},"tablet":{"background-color":"var(--ast-global-color-4)","background-image":"","background-repeat":"repeat","background-position":"center center","background-size":"auto","background-attachment":"scroll","background-type":"","background-media":"","overlay-type":"","overlay-color":"","overlay-opacity":"","overlay-gradient":""},"mobile":{"background-color":"var(--ast-global-color-4)","background-image":"","background-repeat":"repeat","background-position":"center center","background-size":"auto","background-attachment":"scroll","background-type":"","background-media":"","overlay-type":"","overlay-color":"","overlay-opacity":"","overlay-gradient":""}},"footnotes":""},"class_list":["post-2607","page","type-page","status-publish","hentry"],"yoast_head":"<!-- This site is optimized with the Yoast SEO plugin v27.4 - https:\/\/yoast.com\/product\/yoast-seo-wordpress\/ -->\n<title>FAQ -<\/title>\n<meta name=\"robots\" content=\"noindex, follow, max-snippet:-1, max-image-preview:large, max-video-preview:-1\" \/>\n<meta property=\"og:locale\" content=\"fr_FR\" \/>\n<meta property=\"og:type\" content=\"article\" \/>\n<meta property=\"og:title\" content=\"FAQ -\" \/>\n<meta property=\"og:description\" content=\"Foire Aux Questions \u2013 ElmasSpirit \u00a0 1. Quels types de bijoux proposez-vous ? Nous proposons des bijoux en acier inoxydable, [&hellip;]\" \/>\n<meta property=\"og:url\" content=\"https:\/\/enastyle.ma\/?page_id=2607\" \/>\n<meta property=\"article:modified_time\" content=\"2025-06-24T00:38:54+00:00\" \/>\n<meta name=\"twitter:card\" content=\"summary_large_image\" \/>\n<meta name=\"twitter:label1\" content=\"Dur\u00e9e de lecture estim\u00e9e\" \/>\n\t<meta name=\"twitter:data1\" content=\"2 minutes\" \/>\n<script type=\"application\/ld+json\" class=\"yoast-schema-graph\">{\"@context\":\"https:\\\/\\\/schema.org\",\"@graph\":[{\"@type\":\"WebPage\",\"@id\":\"https:\\\/\\\/enastyle.ma\\\/?page_id=2607\",\"url\":\"https:\\\/\\\/enastyle.ma\\\/?page_id=2607\",\"name\":\"FAQ -\",\"isPartOf\":{\"@id\":\"https:\\\/\\\/enastyle.ma\\\/#website\"},\"datePublished\":\"2025-06-24T00:23:13+00:00\",\"dateModified\":\"2025-06-24T00:38:54+00:00\",\"breadcrumb\":{\"@id\":\"https:\\\/\\\/enastyle.ma\\\/?page_id=2607#breadcrumb\"},\"inLanguage\":\"fr-FR\",\"potentialAction\":[{\"@type\":\"ReadAction\",\"target\":[\"https:\\\/\\\/enastyle.ma\\\/?page_id=2607\"]}]},{\"@type\":\"BreadcrumbList\",\"@id\":\"https:\\\/\\\/enastyle.ma\\\/?page_id=2607#breadcrumb\",\"itemListElement\":[{\"@type\":\"ListItem\",\"position\":1,\"name\":\"Accueil\",\"item\":\"https:\\\/\\\/enastyle.ma\\\/\"},{\"@type\":\"ListItem\",\"position\":2,\"name\":\"FAQ\"}]},{\"@type\":\"WebSite\",\"@id\":\"https:\\\/\\\/enastyle.ma\\\/#website\",\"url\":\"https:\\\/\\\/enastyle.ma\\\/\",\"name\":\"\",\"description\":\"made for you\u00ae\",\"potentialAction\":[{\"@type\":\"SearchAction\",\"target\":{\"@type\":\"EntryPoint\",\"urlTemplate\":\"https:\\\/\\\/enastyle.ma\\\/?s={search_term_string}\"},\"query-input\":{\"@type\":\"PropertyValueSpecification\",\"valueRequired\":true,\"valueName\":\"search_term_string\"}}],\"inLanguage\":\"fr-FR\"}]}<\/script>\n<!-- \/ Yoast SEO plugin. -->","yoast_head_json":{"title":"FAQ -","robots":{"index":"noindex","follow":"follow","max-snippet":"max-snippet:-1","max-image-preview":"max-image-preview:large","max-video-preview":"max-video-preview:-1"},"og_locale":"fr_FR","og_type":"article","og_title":"FAQ -","og_description":"Foire Aux Questions \u2013 ElmasSpirit \u00a0 1. Quels types de bijoux proposez-vous ? Nous proposons des bijoux en acier inoxydable, [&hellip;]","og_url":"https:\/\/enastyle.ma\/?page_id=2607","article_modified_time":"2025-06-24T00:38:54+00:00","twitter_card":"summary_large_image","twitter_misc":{"Dur\u00e9e de lecture estim\u00e9e":"2 minutes"},"schema":{"@context":"https:\/\/schema.org","@graph":[{"@type":"WebPage","@id":"https:\/\/enastyle.ma\/?page_id=2607","url":"https:\/\/enastyle.ma\/?page_id=2607","name":"FAQ -","isPartOf":{"@id":"https:\/\/enastyle.ma\/#website"},"datePublished":"2025-06-24T00:23:13+00:00","dateModified":"2025-06-24T00:38:54+00:00","breadcrumb":{"@id":"https:\/\/enastyle.ma\/?page_id=2607#breadcrumb"},"inLanguage":"fr-FR","potentialAction":[{"@type":"ReadAction","target":["https:\/\/enastyle.ma\/?page_id=2607"]}]},{"@type":"BreadcrumbList","@id":"https:\/\/enastyle.ma\/?page_id=2607#breadcrumb","itemListElement":[{"@type":"ListItem","position":1,"name":"Accueil","item":"https:\/\/enastyle.ma\/"},{"@type":"ListItem","position":2,"name":"FAQ"}]},{"@type":"WebSite","@id":"https:\/\/enastyle.ma\/#website","url":"https:\/\/enastyle.ma\/","name":"","description":"made for you\u00ae","potentialAction":[{"@type":"SearchAction","target":{"@type":"EntryPoint","urlTemplate":"https:\/\/enastyle.ma\/?s={search_term_string}"},"query-input":{"@type":"PropertyValueSpecification","valueRequired":true,"valueName":"search_term_string"}}],"inLanguage":"fr-FR"}]}},"jetpack_sharing_enabled":true,"_links":{"self":[{"href":"https:\/\/enastyle.ma\/index.php?rest_route=\/wp\/v2\/pages\/2607","targetHints":{"allow":["GET"]}}],"collection":[{"href":"https:\/\/enastyle.ma\/index.php?rest_route=\/wp\/v2\/pages"}],"about":[{"href":"https:\/\/enastyle.ma\/index.php?rest_route=\/wp\/v2\/types\/page"}],"author":[{"embeddable":true,"href":"https:\/\/enastyle.ma\/index.php?rest_route=\/wp\/v2\/users\/1"}],"replies":[{"embeddable":true,"href":"https:\/\/enastyle.ma\/index.php?rest_route=%2Fwp%2Fv2%2Fcomments&post=2607"}],"version-history":[{"count":10,"href":"https:\/\/enastyle.ma\/index.php?rest_route=\/wp\/v2\/pages\/2607\/revisions"}],"predecessor-version":[{"id":2623,"href":"https:\/\/enastyle.ma\/index.php?rest_route=\/wp\/v2\/pages\/2607\/revisions\/2623"}],"wp:attachment":[{"href":"https:\/\/enastyle.ma\/index.php?rest_route=%2Fwp%2Fv2%2Fmedia&parent=2607"}],"curies":[{"name":"wp","href":"https:\/\/api.w.org\/{rel}","templated":true}]}}